le of 478?
True
Is 12623 a factor of 3331032978?
True
Does 103 divide 12523976?
True
Does 4 divide 34659568?
True
Does 29 divide 29202633?
False
Is 25029790 a multiple of 10?
True
Is 508 a factor of 13296305?
False
Is 64 a factor of 27387904?
True
Is 532309689 a multiple of 489?
False
Is 111713256 a multiple of 459?
True
Does 25 divide 743547900?
True
Is 14376861 a multiple of 447?
True
Does 582 divide 15966006?
True
Is 110508736 a multiple of 17?
False
Is 364265791 a multiple of 443?
False
Does 8859 divide 198689652?
True
Does 579 divide 48634263?
True
Is 491335267 a multiple of 31?
False
Is 266 a factor of 26188461?
False
Is 6449 a factor of 2220625497?
False
Is 34 a factor of 52440933?
False
Does 87 divide 208594904?
False
Is 53526977 a multiple of 44?
False
Is 154701720 a multiple of 15?
True
Is 18 a factor of 48077910?
True
Does 105 divide 6021225?
True
Does 362 divide 94405256?
True
Is 10815771 a multiple of 168?
False
Is 5301100280 a multiple of 1484?
True
Is 2 a factor of 59735?
False
Is 12 a factor of 229267171?
False
Does 74 divide 60477525?
False
Is 535977273 a multiple of 38?
False
Is 144300392 a multiple of 48?
False
Does 2265 divide 387178360?
False
Is 141 a factor of 263787735?
True
Is 463 a factor of 51186039?
True
Does 9 divide 409921080?
False
Is 215 a factor of 2707876269?
False
Does 50 divide 1063650750?
True
Does 833 divide 121727481?
False
Is 178019 a multiple of 548?
False
Is 1435297654 a multiple of 5534?
False
Is 63 a factor of 1600932284?
False
Does 39 divide 293990049?
False
Is 169583733 a multiple of 1017?
True
Is 7133 a factor of 767490048?
False
Does 11 divide 51572994?
True
Is 909976964 a multiple of 2444?
True
Is 810 a factor of 109703160?
True
Does 22 divide 3735282?
False
Is 6833 a factor of 303973141?
False
Is 152530046 a multiple of 5946?
False
Is 41 a factor of 62314793?
True
Does 20 divide 30074060?
True
Is 10 a factor of 244507510?
True
Is 131 a factor of 27357773?
False
Is 333230905 a multiple of 30?
False
Is 18 a factor of 374952330?
True
Is 24 a factor of 900109032?
True
Is 50134002 a multiple of 7?
False
Is 4 a factor of 9903052?
True
Is 7177 a factor of 7741183970?
True
Is 21536361 a multiple of 11?
True
Is 255891366 a multiple of 1737?
True
Does 1756 divide 2803086242?
False
Does 39 divide 1338985713?
True
Is 288 a factor of 1017673963?
False
Is 2831 a factor of 409634376?
True
Does 679 divide 1595277229?
True
Does 905 divide 622193835?
True
Is 895 a factor of 7748091970?
True
Is 171569629 a multiple of 46?
False
Is 819 a factor of 870864816?
False
Is 741 a factor of 434819296?
False
Is 8 a factor of 48024112?
True
Is 23 a factor of 35861462?
True
Is 278 a factor of 376361126?
True
Does 9043 divide 2889957992?
False
Does 15 divide 1705801171?
False
Does 18 divide 86714676?
True
Is 42090504 a multiple of 408?
True
Does 12 divide 89299692?
True
Is 9812264 a multiple of 56?
True
Is 25 a factor of 267760150?
True
Is 20779571 a multiple of 49?
False
Does 121 divide 4970317?
True
Is 61215849 a multiple of 47?
False
Does 30 divide 23963867?
False
Is 91212693 a multiple of 429?
True
Does 9 divide 36187374?
False
Is 190 a factor of 6918090?
True
Is 51611483 a multiple of 10?
False
Is 37826271 a multiple of 189?
True
Is 153639303 a multiple of 19?
False
Is 603398160 a multiple of 95?
False
Does 224 divide 278203844?
False
Does 45 divide 171977850?
True
Is 471 a factor of 10904121?
True
Is 689 a factor of 108881292?
True
Does 55 divide 737719510?
True
Is 1757850 a multiple of 150?
True
Is 52000162 a multiple of 3?
False
Does 24 divide 50018150?
False
Is 47371247 a multiple of 11?
True
Does 2166 divide 3639917?
False
Is 57194452 a multiple of 1036?
True
Does 24 divide 16509849?
False
Is 161 a factor of 219252820?
False
Is 1899 a factor of 2388335610?
False
Is 5 a factor of 41699338?
False
Is 944186040 a multiple of 35?
True
Does 9 divide 213269724?
True
Does 20 divide 43206022?
False
Is 10 a factor of 3267990?
True
Is 43 a factor of 353191594?
True
Is 12966243 a multiple of 37?
True
Is 15460065 a multiple of 45?
True
Is 43448448 a multiple of 26?
False
Is 6659762 a multiple of 4?
False
Does 42 divide 663445818?
True
Is 4 a factor of 1838677?
False
Is 23044720 a multiple of 8?
True
Is 371 a factor of 20588797?
False
Is 50 a factor of 21028579?
False
Is 9 a factor of 566477438?
False
Is 456653509 a multiple of 20?
False
Does 4 divide 4543508?
True
Is 235210919 a multiple of 20?
False
Does 595 divide 237882112?
False
Is 26 a factor of 53171461?
False
Is 120831270 a multiple of 44?
False
Does 134 divide 121247105?
False
Does 402 divide 2763789437?
False
Is 76059050 even?
True
Is 114083663 a multiple of 14?
False
Does 3318 divide 522604908?
True
Is 27560428 a multiple of 28?
True
Is 1715 a factor of 202354864?
False
Is 52919594 a multiple of 10?
False
Does 11 divide 12625888?
True
Is 3298 a factor of 248679094?
True
Is 22 a factor of 130159156?
False
Is 101 a factor of 3355908758?
False
Is 41137965 a multiple of 4?
False
Is 850 a factor of 85367200?
True
Does 9 divide 1200888850?
False
Is 152592841 a multiple of 22?
False
Does 94 divide 167997273?
False
Does 34 divide 58733546?
False
Does 924 divide 672871584?
True
Is 3818 a factor of 41589015?
False
Does 179 divide 145271106?
False
Is 3 a factor of 5183463?
True
Does 30 divide 805620547?
False
Is 447 a factor of 592731834?
True
Is 887 a factor of 183147572?
False
Does 117 divide 2379741975?
True
Is 112044312 a multiple of 244?
True
Does 9 divide 170412588?
True
Is 230022540 a multiple of 44?
True
Is 175395504 a multiple of 27?
False
Is 91905 a multiple of 5?
True
Is 24582924 a multiple of 346?
False
Is 508 a factor of 596392?
True
Is 132293817 a multiple of 251?
True
Does 160 divide 59068960?
True
Does 233 divide 64042613?
True
Does 14 divide 823601814?
True
Is 2085590836 a multiple of 316?
True
Is 1266 a factor of 763891740?
True
Is 204732111 a multiple of 73?
False
Is 360 a factor of 421247160?
True
Does 1008 divide 3611775?
False
Is 7 a factor of 15835652?
True
Is 877 a factor of 917177124?
True
Is 1271 a factor of 1122582788?
True
Is 1044 a factor of 12491239?
False
Is 1907994 a multiple of 3?
True
Is 146523730 a multiple of 277?
False
Does 14 divide 24735690?
True
Does 7 divide 140581?
True
Does 18 divide 218882610?
True
Is 81269855 a multiple of 5?
True
Is 382963632 a multiple of 16?
True
Is 938253034 a multiple of 991?
True
Is 231674912 a multiple of 272?
True
Does 430 divide 27338628?
False
Does 241 divide 35816732?
False
Does 4 divide 6858033?
False
Is 479 a factor of 1938438301?
False
Is 1352460280 a multiple of 2318?
True
Does 2540 divide 43263976?
False
Is 34063232 a multiple of 392?
True
Does 19 divide 6690853062?
False
Is 220 a factor of 3155240?
True
Is 543834275 a multiple of 4107?
False
Is 434 a factor of 632663055?
False
Is 187376502 a multiple of 1348?
False
Is 183171931 a multiple of 16?
False
Is 11300179 a multiple of 50?
False
Is 627 a factor of 119319795?
False
Is 2822 a factor of 51868360?
True
Is 1976141235 a multiple of 50?
False
Is 162 a factor of 22752056?
False
Is 13 a factor of 217047649?
True
Is 21256219 a multiple of 164?
False
Does 9 divide 1028165409?
True
Is 193 a factor of 901325826?
True
Is 135205216 a multiple of 254?
True
Is 1210 a factor of 572239624?
False
Does 131 divide 111358122?
True
Does 498 divide 2421452?
False
Is 4 a factor of 1235507685?
False
Does 53 divide 4816236440?
False
Is 53414920 a multiple of 1390?
True
Does 20 divide 31616090?
False
Is 65071052 a multiple of 2213?
True
Is 24 a factor of 9756007?
False
Is 262161616 a multiple of 16?
True
Is 24024 a multiple of 156?
True
Is 18 a factor of 348794064?
True
Is 19 a factor of 27387934?
False
Does 119 divide 54345515?
True
Is 1583877120 a multiple of 3840?
True
Does 1656 divide 54936144?
True
Does 1508 divide 54164344?
True
Does 38 divide 48988878?
True
Does 5129 divide 2840164501?
False
Is 1438 a factor of 49667774?
False
Is 1172 a factor of 27192744?
True
Does 42 divide 5403510?
True
Is 192 a factor of 19565952?
True
Is 4 a factor of 10917524?
True
Is 55 a factor of 258454515?
True
Is 947 a factor of 24418395?
True
Is 15719424 a multiple of 86?
True
Does 90 divide 459861480?
True
Is 14 a factor of 165545786?
True
Does 77 divide 1015379288?
True
Is 77 a fac